{"id":438,"date":"2026-07-08T13:25:58","date_gmt":"2026-07-08T12:25:58","guid":{"rendered":"https:\/\/www.dajan-art.com\/parola\/luomo-e-le-sue-catastrofi\/"},"modified":"2026-08-03T22:18:28","modified_gmt":"2026-08-03T21:18:28","slug":"czlowiek-i-jego-katastrofy","status":"publish","type":"parola","link":"https:\/\/www.dajan-art.com\/pl\/s\u0142owo\/czlowiek-i-jego-katastrofy\/","title":{"rendered":"Cz\u0142owiek i jego katastrofy"},"content":{"rendered":"\n<p class=\"wp-block-paragraph\">Wi\u0119kszo\u015b\u0107 katastrof, kt\u00f3rych do\u015bwiadczy\u0142 cz\u0142owiek, nigdy si\u0119 nie wydarzy\u0142a.<\/p>\n\n\n\n<p class=\"wp-block-paragraph\">Przeszed\u0142 przez nie w swojej g\u0142owie.<\/p>\n\n\n\n<p class=\"wp-block-paragraph\">Noc\u0105.<br>Podczas samotnych spacer\u00f3w.<br>W chwilach zw\u0105tpienia.<\/p>\n\n\n\n<p class=\"wp-block-paragraph\">Ba\u0142 si\u0119 utraty, zanim co\u015b utraci\u0142.<br>Ba\u0142 si\u0119 ko\u0144ca, zanim co\u015b si\u0119 sko\u0144czy\u0142o.<br>Ba\u0142 si\u0119 b\u00f3lu, kt\u00f3ry nigdy nie nadszed\u0142.<\/p>\n\n\n\n<p class=\"wp-block-paragraph\">I tak mija\u0142y dni.<\/p>\n\n\n\n<p class=\"wp-block-paragraph\">A \u017cycie cierpliwie czeka\u0142o po drugiej stronie l\u0119ku.<\/p>\n\n\n\n<p class=\"wp-block-paragraph\">Nie idealne.<br>Nie pozbawione trudno\u015bci.<\/p>\n\n\n\n<p class=\"wp-block-paragraph\">Prawdziwe.<\/p>\n\n\n\n<p class=\"wp-block-paragraph\">Dopiero po latach cz\u0142owiek odkrywa, \u017ce nie zm\u0119czy\u0142y go wydarzenia.<\/p>\n\n\n\n<p class=\"wp-block-paragraph\">Zm\u0119czy\u0142y go wszystkie historie, kt\u00f3re opowiada\u0142 sobie o nich wcze\u015bniej.<\/p>\n\n\n\n<p class=\"wp-block-paragraph\">I wtedy zaczyna rozumie\u0107 co\u015b wa\u017cnego.<\/p>\n\n\n\n<p class=\"wp-block-paragraph\">\u017be odwaga nie polega na braku strachu.<\/p>\n\n\n\n<p class=\"wp-block-paragraph\">Polega na tym, by nie zamieszka\u0107 w \u015bwiecie zbudowanym wy\u0142\u0105cznie z w\u0142asnych obaw.<\/p>\n\n\n\n<p class=\"wp-block-paragraph\">Bo mo\u017cna prze\u017cy\u0107 ca\u0142e \u017cycie, chroni\u0105c si\u0119 przed burz\u0105.<\/p>\n\n\n\n<p class=\"wp-block-paragraph\">I nigdy nie wyj\u015b\u0107 na deszcz.<\/p>\n","protected":false},"featured_media":234,"template":"","categoria-parola":[45],"class_list":["post-438","parola","type-parola","status-publish","has-post-thumbnail","hentry","categoria-parola-refleksje"],"acf":[],"yoast_head":"<!-- This site is optimized with the Yoast SEO plugin v28.4 - https:\/\/yoast.com\/product\/yoast-seo-wordpress\/ -->\n<title>Cz\u0142owiek i jego katastrofy | Dajan<\/title>\n<meta name=\"robots\" content=\"index, follow, max-snippet:-1, max-image-preview:large, max-video-preview:-1\" \/>\n<link rel=\"canonical\" href=\"https:\/\/www.dajan-art.com\/pl\/s\u0142owo\/czlowiek-i-jego-katastrofy\/\" \/>\n<meta property=\"og:locale\" content=\"pl_PL\" \/>\n<meta property=\"og:type\" content=\"article\" \/>\n<meta property=\"og:title\" content=\"Cz\u0142owiek i jego katastrofy | Dajan\" \/>\n<meta property=\"og:description\" content=\"Wi\u0119kszo\u015b\u0107 katastrof, kt\u00f3rych do\u015bwiadczy\u0142 cz\u0142owiek, nigdy si\u0119 nie wydarzy\u0142a. Przeszed\u0142 przez nie w swojej g\u0142owie. Noc\u0105.Podczas samotnych spacer\u00f3w.W chwilach zw\u0105tpienia. Ba\u0142 si\u0119 utraty, zanim co\u015b utraci\u0142.Ba\u0142 si\u0119 ko\u0144ca, zanim co\u015b si\u0119 sko\u0144czy\u0142o.Ba\u0142 si\u0119 b\u00f3lu, kt\u00f3ry nigdy nie nadszed\u0142. I tak mija\u0142y dni. A \u017cycie cierpliwie czeka\u0142o po drugiej stronie l\u0119ku. Nie idealne.Nie pozbawione trudno\u015bci. Prawdziwe. [&hellip;]\" \/>\n<meta property=\"og:url\" content=\"https:\/\/www.dajan-art.com\/pl\/s\u0142owo\/czlowiek-i-jego-katastrofy\/\" \/>\n<meta property=\"og:site_name\" content=\"Dajan\" \/>\n<meta property=\"article:modified_time\" content=\"2026-08-03T21:18:28+00:00\" \/>\n<meta property=\"og:image\" content=\"https:\/\/www.dajan-art.com\/wp-content\/uploads\/2026\/07\/obraz01-1.png\" \/>\n\t<meta property=\"og:image:width\" content=\"1000\" \/>\n\t<meta property=\"og:image:height\" content=\"800\" \/>\n\t<meta property=\"og:image:type\" content=\"image\/png\" \/>\n<meta name=\"twitter:card\" content=\"summary_large_image\" \/>\n<meta name=\"twitter:label1\" content=\"Szacowany czas czytania\" \/>\n\t<meta name=\"twitter:data1\" content=\"1 minuta\" \/>\n<script type=\"application\/ld+json\" class=\"yoast-schema-graph\">{\"@context\":\"https:\\\/\\\/schema.org\",\"@graph\":[{\"@type\":\"WebPage\",\"@id\":\"https:\\\/\\\/www.dajan-art.com\\\/pl\\\/s\u0142owo\\\/czlowiek-i-jego-katastrofy\\\/\",\"url\":\"https:\\\/\\\/www.dajan-art.com\\\/pl\\\/s\u0142owo\\\/czlowiek-i-jego-katastrofy\\\/\",\"name\":\"Cz\u0142owiek i jego katastrofy | Dajan\",\"isPartOf\":{\"@id\":\"https:\\\/\\\/www.dajan-art.com\\\/pl\\\/#website\"},\"primaryImageOfPage\":{\"@id\":\"https:\\\/\\\/www.dajan-art.com\\\/pl\\\/s\u0142owo\\\/czlowiek-i-jego-katastrofy\\\/#primaryimage\"},\"image\":{\"@id\":\"https:\\\/\\\/www.dajan-art.com\\\/pl\\\/s\u0142owo\\\/czlowiek-i-jego-katastrofy\\\/#primaryimage\"},\"thumbnailUrl\":\"https:\\\/\\\/www.dajan-art.com\\\/wp-content\\\/uploads\\\/2026\\\/07\\\/obraz01-1.png\",\"datePublished\":\"2026-07-08T12:25:58+00:00\",\"dateModified\":\"2026-08-03T21:18:28+00:00\",\"breadcrumb\":{\"@id\":\"https:\\\/\\\/www.dajan-art.com\\\/pl\\\/s\u0142owo\\\/czlowiek-i-jego-katastrofy\\\/#breadcrumb\"},\"inLanguage\":\"pl-PL\",\"potentialAction\":[{\"@type\":\"ReadAction\",\"target\":[\"https:\\\/\\\/www.dajan-art.com\\\/pl\\\/s\u0142owo\\\/czlowiek-i-jego-katastrofy\\\/\"]}]},{\"@type\":\"ImageObject\",\"inLanguage\":\"pl-PL\",\"@id\":\"https:\\\/\\\/www.dajan-art.com\\\/pl\\\/s\u0142owo\\\/czlowiek-i-jego-katastrofy\\\/#primaryimage\",\"url\":\"https:\\\/\\\/www.dajan-art.com\\\/wp-content\\\/uploads\\\/2026\\\/07\\\/obraz01-1.png\",\"contentUrl\":\"https:\\\/\\\/www.dajan-art.com\\\/wp-content\\\/uploads\\\/2026\\\/07\\\/obraz01-1.png\",\"width\":1000,\"height\":800},{\"@type\":\"BreadcrumbList\",\"@id\":\"https:\\\/\\\/www.dajan-art.com\\\/pl\\\/s\u0142owo\\\/czlowiek-i-jego-katastrofy\\\/#breadcrumb\",\"itemListElement\":[{\"@type\":\"ListItem\",\"position\":1,\"name\":\"Home\",\"item\":\"https:\\\/\\\/www.dajan-art.com\\\/pl\\\/\"},{\"@type\":\"ListItem\",\"position\":2,\"name\":\"Cz\u0142owiek i jego katastrofy\"}]},{\"@type\":\"WebSite\",\"@id\":\"https:\\\/\\\/www.dajan-art.com\\\/pl\\\/#website\",\"url\":\"https:\\\/\\\/www.dajan-art.com\\\/pl\\\/\",\"name\":\"Dajan\",\"description\":\"\",\"potentialAction\":[{\"@type\":\"SearchAction\",\"target\":{\"@type\":\"EntryPoint\",\"urlTemplate\":\"https:\\\/\\\/www.dajan-art.com\\\/pl\\\/?s={search_term_string}\"},\"query-input\":{\"@type\":\"PropertyValueSpecification\",\"valueRequired\":true,\"valueName\":\"search_term_string\"}}],\"inLanguage\":\"pl-PL\"}]}<\/script>\n<!-- \/ Yoast SEO plugin. -->","yoast_head_json":{"title":"Cz\u0142owiek i jego katastrofy | Dajan","robots":{"index":"index","follow":"follow","max-snippet":"max-snippet:-1","max-image-preview":"max-image-preview:large","max-video-preview":"max-video-preview:-1"},"canonical":"https:\/\/www.dajan-art.com\/pl\/s\u0142owo\/czlowiek-i-jego-katastrofy\/","og_locale":"pl_PL","og_type":"article","og_title":"Cz\u0142owiek i jego katastrofy | Dajan","og_description":"Wi\u0119kszo\u015b\u0107 katastrof, kt\u00f3rych do\u015bwiadczy\u0142 cz\u0142owiek, nigdy si\u0119 nie wydarzy\u0142a. Przeszed\u0142 przez nie w swojej g\u0142owie. Noc\u0105.Podczas samotnych spacer\u00f3w.W chwilach zw\u0105tpienia. Ba\u0142 si\u0119 utraty, zanim co\u015b utraci\u0142.Ba\u0142 si\u0119 ko\u0144ca, zanim co\u015b si\u0119 sko\u0144czy\u0142o.Ba\u0142 si\u0119 b\u00f3lu, kt\u00f3ry nigdy nie nadszed\u0142. I tak mija\u0142y dni. A \u017cycie cierpliwie czeka\u0142o po drugiej stronie l\u0119ku. Nie idealne.Nie pozbawione trudno\u015bci. Prawdziwe. [&hellip;]","og_url":"https:\/\/www.dajan-art.com\/pl\/s\u0142owo\/czlowiek-i-jego-katastrofy\/","og_site_name":"Dajan","article_modified_time":"2026-08-03T21:18:28+00:00","og_image":[{"width":1000,"height":800,"url":"https:\/\/www.dajan-art.com\/wp-content\/uploads\/2026\/07\/obraz01-1.png","type":"image\/png"}],"twitter_card":"summary_large_image","twitter_misc":{"Szacowany czas czytania":"1 minuta"},"schema":{"@context":"https:\/\/schema.org","@graph":[{"@type":"WebPage","@id":"https:\/\/www.dajan-art.com\/pl\/s\u0142owo\/czlowiek-i-jego-katastrofy\/","url":"https:\/\/www.dajan-art.com\/pl\/s\u0142owo\/czlowiek-i-jego-katastrofy\/","name":"Cz\u0142owiek i jego katastrofy | Dajan","isPartOf":{"@id":"https:\/\/www.dajan-art.com\/pl\/#website"},"primaryImageOfPage":{"@id":"https:\/\/www.dajan-art.com\/pl\/s\u0142owo\/czlowiek-i-jego-katastrofy\/#primaryimage"},"image":{"@id":"https:\/\/www.dajan-art.com\/pl\/s\u0142owo\/czlowiek-i-jego-katastrofy\/#primaryimage"},"thumbnailUrl":"https:\/\/www.dajan-art.com\/wp-content\/uploads\/2026\/07\/obraz01-1.png","datePublished":"2026-07-08T12:25:58+00:00","dateModified":"2026-08-03T21:18:28+00:00","breadcrumb":{"@id":"https:\/\/www.dajan-art.com\/pl\/s\u0142owo\/czlowiek-i-jego-katastrofy\/#breadcrumb"},"inLanguage":"pl-PL","potentialAction":[{"@type":"ReadAction","target":["https:\/\/www.dajan-art.com\/pl\/s\u0142owo\/czlowiek-i-jego-katastrofy\/"]}]},{"@type":"ImageObject","inLanguage":"pl-PL","@id":"https:\/\/www.dajan-art.com\/pl\/s\u0142owo\/czlowiek-i-jego-katastrofy\/#primaryimage","url":"https:\/\/www.dajan-art.com\/wp-content\/uploads\/2026\/07\/obraz01-1.png","contentUrl":"https:\/\/www.dajan-art.com\/wp-content\/uploads\/2026\/07\/obraz01-1.png","width":1000,"height":800},{"@type":"BreadcrumbList","@id":"https:\/\/www.dajan-art.com\/pl\/s\u0142owo\/czlowiek-i-jego-katastrofy\/#breadcrumb","itemListElement":[{"@type":"ListItem","position":1,"name":"Home","item":"https:\/\/www.dajan-art.com\/pl\/"},{"@type":"ListItem","position":2,"name":"Cz\u0142owiek i jego katastrofy"}]},{"@type":"WebSite","@id":"https:\/\/www.dajan-art.com\/pl\/#website","url":"https:\/\/www.dajan-art.com\/pl\/","name":"Dajan","description":"","potentialAction":[{"@type":"SearchAction","target":{"@type":"EntryPoint","urlTemplate":"https:\/\/www.dajan-art.com\/pl\/?s={search_term_string}"},"query-input":{"@type":"PropertyValueSpecification","valueRequired":true,"valueName":"search_term_string"}}],"inLanguage":"pl-PL"}]}},"_links":{"self":[{"href":"https:\/\/www.dajan-art.com\/pl\/wp-json\/wp\/v2\/parola\/438","targetHints":{"allow":["GET"]}}],"collection":[{"href":"https:\/\/www.dajan-art.com\/pl\/wp-json\/wp\/v2\/parola"}],"about":[{"href":"https:\/\/www.dajan-art.com\/pl\/wp-json\/wp\/v2\/types\/parola"}],"wp:featuredmedia":[{"embeddable":true,"href":"https:\/\/www.dajan-art.com\/pl\/wp-json\/wp\/v2\/media\/234"}],"wp:attachment":[{"href":"https:\/\/www.dajan-art.com\/pl\/wp-json\/wp\/v2\/media?parent=438"}],"wp:term":[{"taxonomy":"categoria-parola","embeddable":true,"href":"https:\/\/www.dajan-art.com\/pl\/wp-json\/wp\/v2\/categoria-parola?post=438"}],"curies":[{"name":"wp","href":"https:\/\/api.w.org\/{rel}","templated":true}]}}

https://www.dajan-art.com/pl/słowo/czlowiek-i-jego-katastrofy/

Człowiek i jego katastrofy

<p class="wp-block-paragraph">Większość katastrof, których doświadczył człowiek, nigdy się nie wydarzyła.</p>



<p class="wp-block-paragraph">Przeszedł przez nie w swojej głowie.</p>



<p class="wp-block-paragraph">Nocą.<br>Podczas samotnych spacerów.<br>W chwilach zwątpienia.</p>



<p class="wp-block-paragraph">Bał się utraty, zanim coś utracił.<br>Bał się końca, zanim coś się skończyło.<br>Bał się bólu, który nigdy nie nadszedł.</p>



<p class="wp-block-paragraph">I tak mijały dni.</p>



<p class="wp-block-paragraph">A życie cierpliwie czekało po drugiej stronie lęku.</p>



<p class="wp-block-paragraph">Nie idealne.<br>Nie pozbawione trudności.</p>



<p class="wp-block-paragraph">Prawdziwe.</p>



<p class="wp-block-paragraph">Dopiero po latach człowiek odkrywa, że nie zmęczyły go wydarzenia.</p>



<p class="wp-block-paragraph">Zmęczyły go wszystkie historie, które opowiadał sobie o nich wcześniej.</p>



<p class="wp-block-paragraph">I wtedy zaczyna rozumieć coś ważnego.</p>



<p class="wp-block-paragraph">Że odwaga nie polega na braku strachu.</p>



<p class="wp-block-paragraph">Polega na tym, by nie zamieszkać w świecie zbudowanym wyłącznie z własnych obaw.</p>



<p class="wp-block-paragraph">Bo można przeżyć całe życie, chroniąc się przed burzą.</p>



<p class="wp-block-paragraph">I nigdy nie wyjść na deszcz.</p>

<!-- This site is optimized with the Yoast SEO plugin v28.4 - https://yoast.com/product/yoast-seo-wordpress/ -->
<title>Człowiek i jego katastrofy | Dajan</title>
<meta name="robots" content="index, follow, max-snippet:-1, max-image-preview:large, max-video-preview:-1" />
<link rel="canonical" href="https://www.dajan-art.com/pl/słowo/czlowiek-i-jego-katastrofy/" />
<meta property="og:locale" content="pl_PL" />
<meta property="og:type" content="article" />
<meta property="og:title" content="Człowiek i jego katastrofy | Dajan" />
<meta property="og:description" content="Większość katastrof, których doświadczył człowiek, nigdy się nie wydarzyła. Przeszedł przez nie w swojej głowie. Nocą.Podczas samotnych spacerów.W chwilach zwątpienia. Bał się utraty, zanim coś utracił.Bał się końca, zanim coś się skończyło.Bał się bólu, który nigdy nie nadszedł. I tak mijały dni. A życie cierpliwie czekało po drugiej stronie lęku. Nie idealne.Nie pozbawione trudności. Prawdziwe. [&hellip;]" />
<meta property="og:url" content="https://www.dajan-art.com/pl/słowo/czlowiek-i-jego-katastrofy/" />
<meta property="og:site_name" content="Dajan" />
<meta property="article:modified_time" content="2026-08-03T21:18:28+00:00" />
<meta property="og:image" content="https://www.dajan-art.com/wp-content/uploads/2026/07/obraz01-1.png" />
	<meta property="og:image:width" content="1000" />
	<meta property="og:image:height" content="800" />
	<meta property="og:image:type" content="image/png" />
<meta name="twitter:card" content="summary_large_image" />
<meta name="twitter:label1" content="Szacowany czas czytania" />
	<meta name="twitter:data1" content="1 minuta" />
<script type="application/ld+json" class="yoast-schema-graph">{"@context":"https:\/\/schema.org","@graph":[{"@type":"WebPage","@id":"https:\/\/www.dajan-art.com\/pl\/słowo\/czlowiek-i-jego-katastrofy\/","url":"https:\/\/www.dajan-art.com\/pl\/słowo\/czlowiek-i-jego-katastrofy\/","name":"Człowiek i jego katastrofy | Dajan","isPartOf":{"@id":"https:\/\/www.dajan-art.com\/pl\/#website"},"primaryImageOfPage":{"@id":"https:\/\/www.dajan-art.com\/pl\/słowo\/czlowiek-i-jego-katastrofy\/#primaryimage"},"image":{"@id":"https:\/\/www.dajan-art.com\/pl\/słowo\/czlowiek-i-jego-katastrofy\/#primaryimage"},"thumbnailUrl":"https:\/\/www.dajan-art.com\/wp-content\/uploads\/2026\/07\/obraz01-1.png","datePublished":"2026-07-08T12:25:58+00:00","dateModified":"2026-08-03T21:18:28+00:00","breadcrumb":{"@id":"https:\/\/www.dajan-art.com\/pl\/słowo\/czlowiek-i-jego-katastrofy\/#breadcrumb"},"inLanguage":"pl-PL","potentialAction":[{"@type":"ReadAction","target":["https:\/\/www.dajan-art.com\/pl\/słowo\/czlowiek-i-jego-katastrofy\/"]}]},{"@type":"ImageObject","inLanguage":"pl-PL","@id":"https:\/\/www.dajan-art.com\/pl\/słowo\/czlowiek-i-jego-katastrofy\/#primaryimage","url":"https:\/\/www.dajan-art.com\/wp-content\/uploads\/2026\/07\/obraz01-1.png","contentUrl":"https:\/\/www.dajan-art.com\/wp-content\/uploads\/2026\/07\/obraz01-1.png","width":1000,"height":800},{"@type":"BreadcrumbList","@id":"https:\/\/www.dajan-art.com\/pl\/słowo\/czlowiek-i-jego-katastrofy\/#breadcrumb","itemListElement":[{"@type":"ListItem","position":1,"name":"Home","item":"https:\/\/www.dajan-art.com\/pl\/"},{"@type":"ListItem","position":2,"name":"Człowiek i jego katastrofy"}]},{"@type":"WebSite","@id":"https:\/\/www.dajan-art.com\/pl\/#website","url":"https:\/\/www.dajan-art.com\/pl\/","name":"Dajan","description":"","potentialAction":[{"@type":"SearchAction","target":{"@type":"EntryPoint","urlTemplate":"https:\/\/www.dajan-art.com\/pl\/?s={search_term_string}"},"query-input":{"@type":"PropertyValueSpecification","valueRequired":true,"valueName":"search_term_string"}}],"inLanguage":"pl-PL"}]}</script>
<!-- / Yoast SEO plugin. -->

Człowiek i jego katastrofy | Dajan

Większość katastrof, których doświadczył człowiek, nigdy się nie wydarzyła. Przeszedł przez nie w swojej głowie. Nocą.Podczas samotnych spacerów.W chwilach zwątpienia. Bał się utraty, zanim coś utracił.Bał się końca, zanim coś się skończyło.Bał się bólu, który nigdy nie nadszedł. I tak mijały dni. A życie cierpliwie czekało po drugiej stronie lęku. Nie idealne.Nie pozbawione trudności. Prawdziwe. [&hellip;]

https://www.dajan-art.com/pl/słowo/czlowiek-i-jego-katastrofy/#primaryimage

https://www.dajan-art.com/pl/słowo/czlowiek-i-jego-katastrofy/#breadcrumb
